a multiple of 23?
False
Does 30 divide 7427040?
True
Is 60 a factor of 1144900307?
False
Is 16 a factor of 1184534015?
False
Does 95 divide 17052975?
True
Is 1423 a factor of 633846890?
True
Is 48067851 a multiple of 9?
False
Is 4436221035 a multiple of 61?
True
Is 17382701 a multiple of 7?
True
Does 148 divide 57884428?
True
Does 66 divide 9289850?
False
Is 2285 a factor of 369378386?
False
Is 358 a factor of 25459886?
True
Is 41015771 a multiple of 1087?
True
Does 137 divide 103107707?
True
Is 39859722 a multiple of 519?
False
Is 373628773 a multiple of 7?
True
Is 27524613 a multiple of 10?
False
Is 397 a factor of 284994787?
True
Is 21 a factor of 1756308458?
False
Is 1209 a factor of 14677260?
True
Is 93060470 a multiple of 509?
True
Does 74 divide 291689330?
False
Is 7259 a factor of 3215003313?
False
Is 21 a factor of 63147861?
True
Does 5305 divide 2734218220?
True
Is 69 a factor of 54493854?
True
Is 1419011718 a multiple of 1657?
True
Does 17 divide 116825751?
True
Is 196221333 a multiple of 49?
True
Is 167098756 even?
True
Does 32 divide 487104?
True
Is 4199 a factor of 471585491?
True
Is 10 a factor of 42713040?
True
Does 25 divide 111216257?
False
Does 169 divide 1160042364?
True
Is 138593862 a multiple of 27?
True
Is 710 a factor of 124008073?
False
Does 14 divide 1892412253?
False
Does 43 divide 1003394207?
True
Is 10 a factor of 295683810?
True
Is 37 a factor of 1456764?
True
Does 5 divide 77592988?
False
Is 27131909 a multiple of 7?
True
Is 10 a factor of 40100934?
False
Is 307 a factor of 951329758?
True
Is 3538080832 a multiple of 572?
True
Is 38239395 a multiple of 2793?
False
Does 533 divide 1565002062?
True
Is 651 a factor of 197275198?
False
Does 1080 divide 80944920?
True
Is 149 a factor of 899968022?
False
Does 5355 divide 220229730?
True
Is 243 a factor of 765647?
False
Is 236498325 a multiple of 21?
True
Is 54 a factor of 1859072634?
True
Is 240 a factor of 133781040?
True
Is 16 a factor of 26391058?
False
Is 658861005 a multiple of 957?
True
Is 2 a factor of 122148187?
False
Is 2 a factor of 28458472?
True
Is 56765650 a multiple of 691?
True
Is 336630089 a multiple of 835?
False
Does 423 divide 334407269?
False
Is 279942170 a multiple of 22?
False
Is 2234385038 a multiple of 2789?
True
Does 413 divide 57325548?
False
Is 19096510 a multiple of 424?
False
Is 97 a factor of 1383512470?
False
Is 182684855 a multiple of 215?
True
Does 159 divide 5871940?
False
Is 1275159916 a multiple of 321?
False
Does 631 divide 185379169?
False
Is 410 a factor of 880694760?
True
Is 11311340 a multiple of 18?
False
Is 2330653578 a multiple of 3333?
True
Does 212 divide 29606093?
False
Is 62533120 a multiple of 208?
True
Is 495 a factor of 225535365?
True
Is 684 a factor of 377918892?
True
Is 40615278 a multiple of 561?
True
Is 241 a factor of 185197535?
False
Does 4852 divide 89150648?
True
Does 5 divide 147739712?
False
Is 528 a factor of 42181970?
False
Does 40 divide 992882080?
True
Is 97 a factor of 448289089?
True
Is 266 a factor of 287464604?
True
Does 175 divide 2721557?
False
Is 9859720 a multiple of 20?
True
Is 5 a factor of 26481003?
False
Does 2931 divide 1146126516?
True
Is 11105406 a multiple of 78?
True
Is 7049 a factor of 2181221413?
True
Does 15 divide 133229160?
True
Is 713 a factor of 3788882?
True
Does 10 divide 108084410?
True
Is 209 a factor of 569342752?
True
Is 3 a factor of 11408356?
False
Is 273997366 a multiple of 38?
True
Does 201 divide 157699748?
False
Is 71 a factor of 109623887?
False
Is 1306 a factor of 87350504?
True
Is 5 a factor of 16286110?
True
Does 1433 divide 145501241?
False
Is 578339904 a multiple of 596?
False
Is 13491059 a multiple of 173?
True
Is 527563490 a multiple of 929?
False
Does 10 divide 29805750?
True
Does 234 divide 2431483236?
True
Does 333 divide 204567991?
False
Does 274 divide 5197506?
True
Is 169 a factor of 941668?
True
Is 25407035 a multiple of 80?
False
Is 2549056 a multiple of 193?
False
Is 313 a factor of 311245227?
False
Is 2051 a factor of 176388051?
True
Is 3772421182 a multiple of 20?
False
Does 95 divide 95146585?
True
Is 97 a factor of 36578603?
True
Does 305 divide 53986525?
True
Is 22689214 a multiple of 887?
False
Is 442 a factor of 23995884?
False
Is 29 a factor of 407111541?
True
Is 37 a factor of 967826242?
True
Is 4 a factor of 52327171?
False
Does 845 divide 590982860?
True
Is 604 a factor of 183063115?
False
Is 65858039 a multiple of 5793?
False
Does 129 divide 208254242?
False
Does 373 divide 770254325?
True
Is 16 a factor of 434316976?
True
Is 111779782 a multiple of 339?
False
Does 3 divide 277359320?
False
Is 11173757 a multiple of 2?
False
Is 2712431 a multiple of 2?
False
Is 82029609 a multiple of 267?
True
Does 1577 divide 195037492?
False
Is 2263 a factor of 99733469?
False
Does 1361 divide 33124018?
True
Is 1016 a factor of 231507406?
False
Is 13 a factor of 269537866?
True
Is 1258613233 a multiple of 21?
False
Is 454874244 a multiple of 44?
True
Is 119219186 a multiple of 218?
True
Is 22 a factor of 857588270?
True
Does 7347 divide 3250545669?
False
Does 13 divide 79625104?
True
Is 2602003026 a multiple of 2078?
True
Is 1900143463 a multiple of 863?
False
Does 85 divide 2017068615?
True
Is 7 a factor of 46454914?
False
Is 47 a factor of 93567202?
False
Is 16 a factor of 115394688?
True
Is 5863 a factor of 618012967?
True
Does 17 divide 1014103720?
True
Does 9197 divide 992503464?
False
Does 188 divide 10747074?
False
Is 11328230 a multiple of 299?
False
Is 190620680 a multiple of 8?
True
Is 1564 a factor of 66357392?
True
Is 101276728 a multiple of 2303?
True
Is 21066249 a multiple of 123?
False
Is 9427751 a multiple of 1188?
False
Does 831 divide 4583452?
False
Is 49 a factor of 208352988?
False
Is 6 a factor of 24540846?
True
Is 15 a factor of 32403947?
False
Is 29 a factor of 466940613?
False
Does 1592 divide 2756750184?
True
Is 2175 a factor of 301093950?
True
Is 34 a factor of 199162888?
True
Is 9426793 a multiple of 16?
False
Does 7 divide 63847595?
True
Is 84948952 a multiple of 145?
False
Does 3619 divide 449888747?
True
Does 13 divide 60576997?
True
Does 2100 divide 65045400?
True
Does 248 divide 237026030?
False
Is 664 a factor of 742977488?
True
Does 891 divide 1225137687?
False
Is 22 a factor of 55004246?
True
Is 16 a factor of 74861504?
True
Does 5267 divide 49788951?
True
Is 14 a factor of 2570373424?
False
Does 10 divide 69229475?
False
Is 1126 a factor of 69304023?
False
Is 1315 a factor of 1991720040?
True
Does 65 divide 155328080?
False
Is 816709331 a multiple of 61?
False
Is 9793 a factor of 1892639871?
False
Is 286717354 a multiple of 974?
True
Is 42786360 a multiple of 72?
True
Does 2 divide 450271755?
False
Does 44 divide 3643500?
False
Is 150 a factor of 335798575?
False
Is 4484195 a multiple of 201?
False
Does 20 divide 83839180?
True
Is 335 a factor of 12386096?
False
Is 34285387 a multiple of 45?
False
Is 460023 a multiple of 9?
False
Is 109658880 a multiple of 96?
True
Is 4 a factor of 29253292?
True
Is 1902291 a multiple of 2?
False
Does 784 divide 2919478016?
True
Is 8 a factor of 61595477?
False
Does 9 divide 122923355?
False
Is 14 a factor of 80797244?
False
Does 11 divide 371874401?
False
Does 3 divide 320957171?
False
Does 19 divide 38585964?
False
Does 2309 divide 1835184466?
False
Does 5 divide 8732109?
False
Does 33 divide 1357832941?
False
Does 36 divide 90919800?
True
Does 8 divide 32622296?
True
Does 13 divide 66475591?
True
Is 44909818 a multiple of 3961?
True
Is 6024 a factor of 345446280?
True
Does 36 divide 87427218?
False
Does 3736 divide 224707935?
False
Is 3437 a factor of 87172631?
True
Is 650145501 a multiple of 1314?
False
Does 459 divide 5968564731?
True
Is 1465 a factor of 112507605?
True
Is 15 a factor of 18778785?
True
Is 52 a factor of 43333289?
False
Is 636 a factor of 447773256?
True
Is 2767 a factor of 459786476?
False
Does 240 divide 487200?
True
Is 16666416 a multiple of 3489?
False
Does 24 divide 111046680?
True
Does 17 divide 952910090?
False
Does 2825 divide 55983025?
True
Is 13 a factor of 310134266?
True
Does 510 divide 83583390?
True
Does 258 divide 467013810?
False
Is 107025440 a multiple of 736?
True
Is 26 a factor of 14760564?
True
Does 10 divide 482719570?
True
Is 46149920 a mu